{"id":466,"date":"2025-05-09T21:23:02","date_gmt":"2025-05-09T21:23:02","guid":{"rendered":"https:\/\/kildere.com.br\/arq\/?page_id=466"},"modified":"2026-01-26T15:11:57","modified_gmt":"2026-01-26T15:11:57","slug":"nossos-cursos","status":"publish","type":"page","link":"https:\/\/kildere.com.br\/arq\/nossos-cursos\/","title":{"rendered":"Cursos"},"content":{"rendered":"\n<h3>Cursos e Consultorias<\/h3>\n\n\n\n<p>Presenciais na Cidade de Goi\u00e2nia e Totalmente Pr\u00e1ticos<\/p>\n\n\n\n<ol class=\"wp-block-list\">\n<li><a href=\"https:\/\/kildere.com.br\/arq\/posgraduacao\/\">P\u00f3s-Gradua\u00e7\u00e3o em Aprova\u00e7\u00e3o de Projetos e Compatibiliza\u00e7\u00e3o em BIM (em defini\u00e7\u00e3o)<\/a><\/li>\n\n\n\n<li><a href=\"https:\/\/kildere.com.br\/arq\/bim-com-revit\/\" data-type=\"link\" data-id=\"https:\/\/kildere.com.br\/arq\/bim-com-revit\/\">BIM com Revit<\/a><\/li>\n\n\n\n<li><a href=\"https:\/\/kildere.com.br\/arq\/curso-manage-navisworks\/\" data-type=\"page\" data-id=\"1095\">Compatibiliza\u00e7\u00e3o e Planejamento 5D com Manage Naviswork<\/a><\/li>\n\n\n\n<li>SketchUp<\/li>\n\n\n\n<li>Promob<\/li>\n\n\n\n<li>Civil 3D<\/li>\n\n\n\n<li>Infraworks<\/li>\n\n\n\n<li>Consultoria espec\u00edfica para Seu Projeto<\/li>\n<\/ol>\n\n\n\n<p><\/p>\n\n\n\n<blockquote class=\"wp-block-quote is-layout-flow wp-block-quote-is-layout-flow\">\n<p><mark style=\"background-color:rgba(0, 0, 0, 0)\" class=\"has-inline-color has-metallic-red-color\">Para curso ou consultoria conforme sua disponibilidade e conte\u00fados espec\u00edficos entre em contato conosco para elaborarmos uma proposta exclusiva para voc\u00ea.<\/mark><\/p>\n<\/blockquote>\n\n\n\n<p><\/p>\n","protected":false},"excerpt":{"rendered":"<p>Presenciais na Cidade de Goi\u00e2nia e Totalmente Pr\u00e1ticos Para curso ou consultoria conforme sua disponibilidade e conte\u00fados espec\u00edficos entre em contato conosco para elaborarmos uma proposta exclusiva para voc\u00ea.<\/p>\n","protected":false},"author":1,"featured_media":0,"parent":0,"menu_order":0,"comment_status":"closed","ping_status":"closed","template":"","meta":{"pagelayer_contact_templates":[],"_pagelayer_content":"","footnotes":""},"class_list":["post-466","page","type-page","status-publish","hentry"],"_links":{"self":[{"href":"https:\/\/kildere.com.br\/arq\/wp-json\/wp\/v2\/pages\/466","targetHints":{"allow":["GET"]}}],"collection":[{"href":"https:\/\/kildere.com.br\/arq\/wp-json\/wp\/v2\/pages"}],"about":[{"href":"https:\/\/kildere.com.br\/arq\/wp-json\/wp\/v2\/types\/page"}],"author":[{"embeddable":true,"href":"https:\/\/kildere.com.br\/arq\/wp-json\/wp\/v2\/users\/1"}],"replies":[{"embeddable":true,"href":"https:\/\/kildere.com.br\/arq\/wp-json\/wp\/v2\/comments?post=466"}],"version-history":[{"count":31,"href":"https:\/\/kildere.com.br\/arq\/wp-json\/wp\/v2\/pages\/466\/revisions"}],"predecessor-version":[{"id":1128,"href":"https:\/\/kildere.com.br\/arq\/wp-json\/wp\/v2\/pages\/466\/revisions\/1128"}],"wp:attachment":[{"href":"https:\/\/kildere.com.br\/arq\/wp-json\/wp\/v2\/media?parent=466"}],"curies":[{"name":"wp","href":"https:\/\/api.w.org\/{rel}","templated":true}]}}