{"id":978,"date":"2025-05-11T01:14:09","date_gmt":"2025-05-11T01:14:09","guid":{"rendered":"https:\/\/kildere.com.br\/arq\/?page_id=978"},"modified":"2025-07-22T11:16:37","modified_gmt":"2025-07-22T11:16:37","slug":"posgraduacao","status":"publish","type":"page","link":"https:\/\/kildere.com.br\/arq\/posgraduacao\/","title":{"rendered":"P\u00f3s-Gradua\u00e7\u00e3o"},"content":{"rendered":"\n<h3 class=\"wp-block-heading\">P\u00f3s-Gradua\u00e7\u00e3o<\/h3>\n\n\n\n<h4 class=\"wp-block-heading\">Especializa\u00e7\u00e3o em<\/h4>\n\n\n\n<h3 class=\"wp-block-heading\">Aprova\u00e7\u00e3o de Projetos e Compatibiliza\u00e7\u00e3o em BIM<\/h3>\n\n\n\n<p>Voc\u00ea aprender\u00e1 Elaborar e <strong>Aprovar Projetos<\/strong> para <strong>Prefeitura, Vigil\u00e2ncia Sanit\u00e1ria, Ag\u00eancia Ambiental e Corpo de Bombeiros<\/strong><\/p>\n\n\n\n<p>Principais assuntos:<\/p>\n\n\n\n<ol class=\"wp-block-list\">\n<li>Documenta\u00e7\u00f5es e Uso do Solo<\/li>\n\n\n\n<li>Regras de C\u00e1lculos e Legisla\u00e7\u00f5es<\/li>\n\n\n\n<li>Estudos de Impacto<\/li>\n\n\n\n<li>Projeto de Aprova\u00e7\u00e3o na Prefeitura<\/li>\n\n\n\n<li>Projeto de Aprova\u00e7\u00e3o na Vigil\u00e2ncia Sanit\u00e1ria<\/li>\n\n\n\n<li>Projeto de Aprova\u00e7\u00e3o no Corpo de Bombeiros<\/li>\n\n\n\n<li>Desenhos T\u00e9cnicos e Montagens de Pranchas <\/li>\n<\/ol>\n\n\n\n<p><\/p>\n\n\n\n<blockquote class=\"wp-block-quote is-layout-flow wp-block-quote-is-layout-flow\">\n<p>Curso somente para quem deseja trabalhar como Profissional em elabora\u00e7\u00e3o de Projetos<\/p>\n\n\n\n<p>\u00danico que voc\u00ea ter\u00e1 tira d\u00favidas p\u00f3s curso sem custos adicionais<\/p>\n<\/blockquote>\n\n\n\n<p><\/p>\n\n\n\n<p><\/p>\n\n\n\n\n\n<ol class=\"wp-block-list\">\n<li>Dura\u00e7\u00e3o somente de 06 meses <\/li>\n\n\n\n<li>Professores profissionais atuantes na \u00e1rea de cada m\u00f3dulo<\/li>\n\n\n\n<li>Aulas pr\u00e1ticas de Elabora\u00e7\u00e3o de Projetos<\/li>\n\n\n\n<li>Durante todo o curso aluno ir\u00e1 fazer um projeto completo com todos os itens necess\u00e1rios para sua aprova\u00e7\u00e3o nos \u00f3rg\u00e3os de regula\u00e7\u00e3o<\/li>\n<\/ol>\n\n\n\n\n\n<ol class=\"wp-block-list\">\n<li>Processo e Projetos para Regulariza\u00e7\u00e3o de Im\u00f3veis existentes<\/li>\n\n\n\n<li>Processo e Aprova\u00e7\u00e3o de Projetos para Novas Edifica\u00e7\u00f5es<\/li>\n\n\n\n<li>Compatibiliza\u00e7\u00e3o de Projetos em BIM<\/li>\n<\/ol>\n\n\n\n\n\n<ol class=\"wp-block-list\">\n<li>Inform\u00e1tica B\u00e1sica<\/li>\n\n\n\n<li>Gradua\u00e7\u00e3o na \u00e1rea de Arquitetura e Urbanismo ou Engenharias ou Design de Ambientes\/Interiores<\/li>\n<\/ol>\n\n\n\n\n\n\n\n<ol class=\"wp-block-list\">\n<li><strong>In\u00edcio:<\/strong> \u00c0 CONFIRMAR<\/li>\n\n\n\n<li><strong>T\u00e9rmino:<\/strong> \u00c0 CONFIRMAR<\/li>\n\n\n\n<li><strong>Aulas Presenciais Quinzenalmente na cidade de Goi\u00e2nia<\/strong><\/li>\n\n\n\n<li><strong>Sextas:<\/strong> 18h \u00e0s 22h<\/li>\n\n\n\n<li><strong>S\u00e1bados<\/strong>: 07h \u00e0s 18h<\/li>\n\n\n\n<li><strong>Domingos:<\/strong> 7h \u00e0s 12h (tira d\u00favidas)<\/li>\n\n\n\n<li>Disciplina dirigida online<\/li>\n<\/ol>\n\n\n\n<p>**<mark style=\"background-color:rgba(0, 0, 0, 0)\" class=\"has-inline-color has-metallic-red-color\">N\u00e3o haver\u00e1 aula<\/mark> nos finais de semana dos feriados nacionais ou municipais em Goi\u00e2nia-GO<\/p>\n\n\n\n\n\n\n\n\n\n\n\n\n\n<ol class=\"wp-block-list\">\n<li>Uso do Solo, Cart\u00f3rio e Cadastro Imobili\u00e1rio<\/li>\n\n\n\n<li>Contratos, Fases e Tipos de Projetos<\/li>\n\n\n\n<li>Zoneamentos e Mapas Digitais<\/li>\n\n\n\n<li>Processo e Projeto de Regulariza\u00e7\u00e3o de Im\u00f3veis<\/li>\n\n\n\n<li>Estudos de Impacto de Vizinhan\u00e7a e Tr\u00e2nsito<\/li>\n\n\n\n<li>Licenciamento Ambiental<\/li>\n\n\n\n<li>Projeto de Arquitetura Integrado<\/li>\n\n\n\n<li>Processo e Projeto de Arquitetura para Prefeitura<\/li>\n\n\n\n<li>Processo e Projeto de Arquitetura para Vigil\u00e2ncia Sanit\u00e1ria<\/li>\n\n\n\n<li>Processo e Projeto de Preven\u00e7\u00e3o e Combate a Inc\u00eandio para Corpo de Bombeiros<\/li>\n\n\n\n<li>Compatibiliza\u00e7\u00e3o de Projetos em BIM<\/li>\n<\/ol>\n\n\n\n\n\n\n\n<p>Entre em contato via <a href=\"https:\/\/wa.me\/5562999257497\" target=\"_blank\" rel=\"noreferrer noopener\">WhatsApp<\/a> ou liga\u00e7\u00e3o <strong>62-9-9925-7497<\/strong><\/p>\n\n\n\n\n\n<p><\/p>\n","protected":false},"excerpt":{"rendered":"<p>P\u00f3s-Gradua\u00e7\u00e3o Especializa\u00e7\u00e3o em Aprova\u00e7\u00e3o de Projetos e Compatibiliza\u00e7\u00e3o em BIM Voc\u00ea aprender\u00e1 Elaborar e Aprovar Projetos para Prefeitura, Vigil\u00e2ncia Sanit\u00e1ria, Ag\u00eancia Ambiental e Corpo de Bombeiros Principais assuntos: Curso somente para quem deseja trabalhar como Profissional em elabora\u00e7\u00e3o de Projetos \u00danico que voc\u00ea ter\u00e1 tira d\u00favidas p\u00f3s curso sem custos adicionais<\/p>\n","protected":false},"author":1,"featured_media":0,"parent":0,"menu_order":0,"comment_status":"closed","ping_status":"closed","template":"","meta":{"pagelayer_contact_templates":[],"_pagelayer_content":"","footnotes":""},"class_list":["post-978","page","type-page","status-publish","hentry"],"_links":{"self":[{"href":"https:\/\/kildere.com.br\/arq\/wp-json\/wp\/v2\/pages\/978","targetHints":{"allow":["GET"]}}],"collection":[{"href":"https:\/\/kildere.com.br\/arq\/wp-json\/wp\/v2\/pages"}],"about":[{"href":"https:\/\/kildere.com.br\/arq\/wp-json\/wp\/v2\/types\/page"}],"author":[{"embeddable":true,"href":"https:\/\/kildere.com.br\/arq\/wp-json\/wp\/v2\/users\/1"}],"replies":[{"embeddable":true,"href":"https:\/\/kildere.com.br\/arq\/wp-json\/wp\/v2\/comments?post=978"}],"version-history":[{"count":26,"href":"https:\/\/kildere.com.br\/arq\/wp-json\/wp\/v2\/pages\/978\/revisions"}],"predecessor-version":[{"id":1090,"href":"https:\/\/kildere.com.br\/arq\/wp-json\/wp\/v2\/pages\/978\/revisions\/1090"}],"wp:attachment":[{"href":"https:\/\/kildere.com.br\/arq\/wp-json\/wp\/v2\/media?parent=978"}],"curies":[{"name":"wp","href":"https:\/\/api.w.org\/{rel}","templated":true}]}}